{"id":22,"date":"2026-01-14T11:19:08","date_gmt":"2026-01-14T11:19:08","guid":{"rendered":"https:\/\/vednice.zolta.cz\/?page_id=22"},"modified":"2026-01-14T12:14:11","modified_gmt":"2026-01-14T12:14:11","slug":"interaktivni-vystava-vetomosti","status":"publish","type":"page","link":"https:\/\/vednice.zolta.cz\/","title":{"rendered":"V\u011bdnice"},"content":{"rendered":"\n<div class=\"wp-block-group alignfull is-style-section-1 has-global-padding is-layout-constrained wp-container-core-group-is-layout-cdf985e3 wp-block-group-is-layout-constrained is-style-section-1--1\" style=\"min-height:100vh;margin-top:0;margin-bottom:0;padding-top:var(--wp--preset--spacing--80);padding-right:var(--wp--preset--spacing--80);padding-bottom:var(--wp--preset--spacing--80);padding-left:var(--wp--preset--spacing--80)\">\n<div class=\"wp-block-columns alignwide are-vertically-aligned-center is-layout-flex wp-container-core-columns-is-layout-643ced6b wp-block-columns-is-layout-flex\">\n<div class=\"wp-block-column is-vertically-aligned-center is-layout-flow wp-block-column-is-layout-flow\">\n<figure class=\"wp-block-image aligncenter size-full has-custom-border\"><img loading=\"lazy\" decoding=\"async\" width=\"1920\" height=\"2560\" src=\"http:\/\/vednice.zolta.cz\/wp-content\/uploads\/2026\/01\/lysaHoraVrstevnice-scaled.jpg\" alt=\"\" class=\"wp-image-20\" style=\"border-top-left-radius:150px;border-bottom-right-radius:150px;object-fit:cover\" srcset=\"https:\/\/vednice.zolta.cz\/wp-content\/uploads\/2026\/01\/lysaHoraVrstevnice-scaled.jpg 1920w, https:\/\/vednice.zolta.cz\/wp-content\/uploads\/2026\/01\/lysaHoraVrstevnice-225x300.jpg 225w, https:\/\/vednice.zolta.cz\/wp-content\/uploads\/2026\/01\/lysaHoraVrstevnice-768x1024.jpg 768w, https:\/\/vednice.zolta.cz\/wp-content\/uploads\/2026\/01\/lysaHoraVrstevnice-1152x1536.jpg 1152w, https:\/\/vednice.zolta.cz\/wp-content\/uploads\/2026\/01\/lysaHoraVrstevnice-1536x2048.jpg 1536w\" sizes=\"auto, (max-width: 1920px) 100vw, 1920px\" \/><\/figure>\n<\/div>\n\n\n\n<div class=\"wp-block-column is-vertically-aligned-center is-layout-flow wp-block-column-is-layout-flow\">\n<div class=\"wp-block-group is-vertical is-content-justification-stretch is-layout-flex wp-container-core-group-is-layout-353c4f5a wp-block-group-is-layout-flex\">\n<h2 class=\"wp-block-heading has-text-align-left\">V\u011bdnice<\/h2>\n\n\n\n<p>V\u011bdnice je interaktivn\u00ed v\u00fdstava v\u011bdomost\u00ed. Jde o p\u0159ehl\u00eddk\u016f r\u016fzn\u00fdch za\u0159\u00edzen\u00ed, poznatk\u016f a praktick\u00fdch v\u011bdomosti, kter\u00e9 jsme vyt\u00e1hli z pomysln\u00e9 studNICE V\u011aDomost\u00ed, aby si je n\u00e1v\u0161t\u011bvn\u00edci mohli vyzkou\u0161et a osahat. C\u00edlem v\u00fdstavy je pobavit a inspirovat.<\/p>\n\n\n\n<p>V\u011bdnice p\u016fvodn\u011b vznikla jako jednor\u00e1zov\u00e9 improvizovan\u00e9 \u201etechnick\u00e9 muzeum\u201c pod \u0161ir\u00fdm nebem, kde mal\u00ed i velc\u00ed n\u00e1v\u0161t\u011bvn\u00edci mohli zjisti, jak snadno si mohou vyrobit nejr\u016fzn\u011bj\u0161\u00ed p\u0159\u00edstroje typu kompas, teplom\u011br, v\u00e1hu, pumpu, vlhkom\u011br,\u2026 A proto\u017ee se tento po\u010din setkal s ohlasem a z\u00e1jmem r\u016fzn\u00fdch organizac\u00ed, jsme tu i dnes.<\/p>\n\n\n\n<p>M\u016f\u017eete se s n\u00e1mi setkat na ve\u0159ejn\u00fdch akc\u00ed a festivalech, kde zaji\u0161\u0165ujeme netradi\u010dn\u00ed doprovodn\u00fd program. Objednat si m\u016f\u017eete V\u011bdnici coby anima\u010dn\u00ed program na firemn\u00ed akce typu familly day\/den d\u011bt\u00ed. A samoz\u0159ejm\u011b na \u0161kol\u00e1ch, pro kter\u00e9 organizujeme projektov\u00e9 dny formou z\u00e1\u017eitkov\u00e9 pedagogiky. P\u016fsob\u00edme v Beskydech (Fren\u0161t\u00e1t, Ro\u017enov, Be\u010dva)<\/p>\n<\/div>\n<\/div>\n<\/div>\n<\/div>\n","protected":false},"excerpt":{"rendered":"<p>V\u011bdnice V\u011bdnice je interaktivn\u00ed v\u00fdstava v\u011bdomost\u00ed. Jde o p\u0159ehl\u00eddk\u016f r\u016fzn\u00fdch za\u0159\u00edzen\u00ed, poznatk\u016f a praktick\u00fdch v\u011bdomosti, kter\u00e9 jsme vyt\u00e1hli z pomysln\u00e9 studNICE V\u011aDomost\u00ed, aby si je n\u00e1v\u0161t\u011bvn\u00edci mohli vyzkou\u0161et a osahat. C\u00edlem v\u00fdstavy je pobavit a inspirovat. V\u011bdnice p\u016fvodn\u011b vznikla jako jednor\u00e1zov\u00e9 improvizovan\u00e9 \u201etechnick\u00e9 muzeum\u201c pod \u0161ir\u00fdm nebem, kde mal\u00ed i velc\u00ed n\u00e1v\u0161t\u011bvn\u00edci mohli zjisti, jak [&hellip;]<\/p>\n","protected":false},"author":1,"featured_media":0,"parent":0,"menu_order":0,"comment_status":"closed","ping_status":"closed","template":"","meta":{"footnotes":""},"class_list":["post-22","page","type-page","status-publish","hentry"],"_links":{"self":[{"href":"https:\/\/vednice.zolta.cz\/index.php?rest_route=\/wp\/v2\/pages\/22","targetHints":{"allow":["GET"]}}],"collection":[{"href":"https:\/\/vednice.zolta.cz\/index.php?rest_route=\/wp\/v2\/pages"}],"about":[{"href":"https:\/\/vednice.zolta.cz\/index.php?rest_route=\/wp\/v2\/types\/page"}],"author":[{"embeddable":true,"href":"https:\/\/vednice.zolta.cz\/index.php?rest_route=\/wp\/v2\/users\/1"}],"replies":[{"embeddable":true,"href":"https:\/\/vednice.zolta.cz\/index.php?rest_route=%2Fwp%2Fv2%2Fcomments&post=22"}],"version-history":[{"count":3,"href":"https:\/\/vednice.zolta.cz\/index.php?rest_route=\/wp\/v2\/pages\/22\/revisions"}],"predecessor-version":[{"id":36,"href":"https:\/\/vednice.zolta.cz\/index.php?rest_route=\/wp\/v2\/pages\/22\/revisions\/36"}],"wp:attachment":[{"href":"https:\/\/vednice.zolta.cz\/index.php?rest_route=%2Fwp%2Fv2%2Fmedia&parent=22"}],"curies":[{"name":"wp","href":"https:\/\/api.w.org\/{rel}","templated":true}]}}

Vědnice

<div class="wp-block-group alignfull is-style-section-1 has-global-padding is-layout-constrained wp-container-core-group-is-layout-cdf985e3 wp-block-group-is-layout-constrained is-style-section-1--1" style="min-height:100vh;margin-top:0;margin-bottom:0;padding-top:var(--wp--preset--spacing--80);padding-right:var(--wp--preset--spacing--80);padding-bottom:var(--wp--preset--spacing--80);padding-left:var(--wp--preset--spacing--80)">
<div class="wp-block-columns alignwide are-vertically-aligned-center is-layout-flex wp-container-core-columns-is-layout-643ced6b wp-block-columns-is-layout-flex">
<div class="wp-block-column is-vertically-aligned-center is-layout-flow wp-block-column-is-layout-flow">
<figure class="wp-block-image aligncenter size-full has-custom-border"><img loading="lazy" decoding="async" width="1920" height="2560" src="http://vednice.zolta.cz/wp-content/uploads/2026/01/lysaHoraVrstevnice-scaled.jpg" alt="" class="wp-image-20" style="border-top-left-radius:150px;border-bottom-right-radius:150px;object-fit:cover" srcset="https://vednice.zolta.cz/wp-content/uploads/2026/01/lysaHoraVrstevnice-scaled.jpg 1920w, https://vednice.zolta.cz/wp-content/uploads/2026/01/lysaHoraVrstevnice-225x300.jpg 225w, https://vednice.zolta.cz/wp-content/uploads/2026/01/lysaHoraVrstevnice-768x1024.jpg 768w, https://vednice.zolta.cz/wp-content/uploads/2026/01/lysaHoraVrstevnice-1152x1536.jpg 1152w, https://vednice.zolta.cz/wp-content/uploads/2026/01/lysaHoraVrstevnice-1536x2048.jpg 1536w" sizes="auto, (max-width: 1920px) 100vw, 1920px" /></figure>
</div>



<div class="wp-block-column is-vertically-aligned-center is-layout-flow wp-block-column-is-layout-flow">
<div class="wp-block-group is-vertical is-content-justification-stretch is-layout-flex wp-container-core-group-is-layout-353c4f5a wp-block-group-is-layout-flex">
<h2 class="wp-block-heading has-text-align-left">Vědnice</h2>



<p>Vědnice je interaktivní výstava vědomostí. Jde o přehlídků různých zařízení, poznatků a praktických vědomosti, které jsme vytáhli z pomyslné studNICE VĚDomostí, aby si je návštěvníci mohli vyzkoušet a osahat. Cílem výstavy je pobavit a inspirovat.</p>



<p>Vědnice původně vznikla jako jednorázové improvizované „technické muzeum“ pod širým nebem, kde malí i velcí návštěvníci mohli zjisti, jak snadno si mohou vyrobit nejrůznější přístroje typu kompas, teploměr, váhu, pumpu, vlhkoměr,… A protože se tento počin setkal s ohlasem a zájmem různých organizací, jsme tu i dnes.</p>



<p>Můžete se s námi setkat na veřejných akcí a festivalech, kde zajišťujeme netradiční doprovodný program. Objednat si můžete Vědnici coby animační program na firemní akce typu familly day/den dětí. A samozřejmě na školách, pro které organizujeme projektové dny formou zážitkové pedagogiky. Působíme v Beskydech (Frenštát, Rožnov, Bečva)</p>
</div>
</div>
</div>
</div>

<p>Vědnice Vědnice je interaktivní výstava vědomostí. Jde o přehlídků různých zařízení, poznatků a praktických vědomosti, které jsme vytáhli z pomyslné studNICE VĚDomostí, aby si je návštěvníci mohli vyzkoušet a osahat. Cílem výstavy je pobavit a inspirovat. Vědnice původně vznikla jako jednorázové improvizované „technické muzeum“ pod širým nebem, kde malí i velcí návštěvníci mohli zjisti, jak [&hellip;]</p>
